3 + -3?
100211020
In base 12, what is 5 - -8926?
892b
In base 8, what is 667736 - -5?
667743
In base 5, what is 4 + 2022113?
2022122
In base 3, what is -10110 + 111122110?
111112000
In base 12, what is 5 + 8a36?
8a3b
In base 3, what is -2 + 1101021210212?
1101021210210
In base 10, what is 4 - -67946?
67950
In base 2, what is -11000110010011 + -100?
-11000110010111
In base 2, what is 1111110100101 - 10000110?
1111100011111
In base 9, what is 131 + -36?
84
In base 4, what is 30123000111 + -3?
30123000102
In base 2, what is 101010001111 - 1010101?
101000111010
In base 4, what is -10023300 - 1012?
-10030312
In base 7, what is 4043 + 54?
4130
In base 8, what is 5 + 36027?
36034
In base 16, what is -2 - 59112?
-59114
In base 4, what is -3 - 112210210?
-112210213
In base 11, what is -1311 + 1092?
-22a
In base 6, what is 14423351 + 5?
14423400
In base 8, what is 0 - 24000?
-24000
In base 7, what is 516014 - -56?
516103
In base 9, what is -13 + -100440?
-100453
In base 7, what is 1 - -130165?
130166
In base 13, what is -7 + -8a5?
-8ac
In base 14, what is 17689 - 4?
17685
In base 8, what is 4 - 1255417?
-1255413
In base 3, what is 1 - 210222012202?
-210222012201
In base 4, what is 13211130 + 203?
13211333
In base 5, what is 341042343 - 0?
341042343
In base 9, what is -71 + 100?
18
In base 11, what is -2a3174 - -2?
-2a3172
In base 11, what is 111 - -251?
362
In base 15, what is -13ba + 35?
-1385
In base 4, what is -3 - 113011312?
-113011321
In base 7, what is 1 + 30434?
30435
In base 5, what is 204222 + -2?
204220
In base 15, what is -62 - -2907?
2895
In base 14, what is -802b + -6?
-8033
In base 8, what is -431054 - -1?
-431053
In base 4, what is -1023 + -2200202?
-2201231
In base 8, what is -107165 + 13?
-107152
In base 16, what is 2 + 5d53a?
5d53c
In base 7, what is 2 - -64002?
64004
In base 5, what is 20223 + -1003?
14220
In base 11, what is -1652 + 4?
-1649
In base 9, what is 8 - 1424?
-1415
In base 7, what is 6404 + -142?
6232
In base 16, what is 14cb0 + -1b?
14c95
In base 13, what is 517 - 8a7?
-390
In base 6, what is -32042444 + 1?
-32042443
In base 6, what is 1213 - -1041?
2254
In base 3, what is -10020 - 111111?
-121201
In base 6, what is 20025 - -3?
20032
In base 5, what is -202 - 134230?
-134432
In base 6, what is 405332 + -3?
405325
In base 15, what is 5 + 167b9?
167be
In base 13, what is -2111 + -183?
-2294
In base 7, what is 2255 - 1535?
420
In base 14, what is 66 + 5?
6b
In base 10, what is 2 - 1407282?
-1407280
In base 13, what is -c4a9 - -29?
-c480
In base 13, what is ca04 - -4?
ca08
In base 8, what is -244011 + 3?
-244006
In base 14, what is -358 - 150?
-4a8
In base 7, what is 24065 - -5?
24103
In base 6, what is -15 + 125303?
125244
In base 7, what is -3 + -562420?
-562423
In base 7, what is -211 + -63012?
-63223
In base 6, what is -41515 - -2424?
-35051
In base 16, what is 515 - 9d?
478
In base 15, what is 10d + 819?
927
In base 14, what is 51 + -11c2?
-1171
In base 15, what is ce + -1a8?
-c9
In base 7, what is 4 - 261215?
-261211
In base 13, what is -5 + 5c1?
5b9
In base 5, what is 232313144 - 2?
232313142
In base 3, what is -2 + -2201211211?
-2201211220
In base 10, what is 39 + -13132?
-13093
In base 11, what is 106534 + -3?
106531
In base 13, what is -2 - -1b3c?
1b3a
In base 7, what is -5 + 10100421?
10100413
In base 15, what is -3a - 360?
-39a
In base 16, what is b5 + -77a?
-6c5
In base 14, what is 1 - 1432?
-1431
In base 15, what is -e0db + -3?
-e0de
In base 11, what is -23 - -1815?
17a2
In base 13, what is 812 + -71?
771
In base 7, what is -13503 + -105?
-13611
In base 16, what is 5e7 + 60?
647
In base 6, what is -510 - -4342?
3432
In base 6, what is -311130132 + 0?
-311130132
In base 3, what is -10000 + 100200?
20200
In base 2, what is -1000001101111101110 - 100?
-1000001101111110010
In base 10, what is -5809 + 31?
-5778
In base 10, what is 312530 - 3?
312527
In base 7, what is 54401 + 0?
54401
In base 2, what is -1 + -110000100110?
-110000100111
In base 5, what is 40 + 10031243?
10031333
In base 4, what is 213 - -123332?
130211
In base 14, what is 120 - -789?
8a9
In base 15, what is 0 + -39aa8?
-39aa8
In base 14, what is -3bc - 702?
-ac0
In base 3, what is -120220 + 1001?
-112212
In base 14, what is 4 - 15a99?
-15a95
In base 14, what is 1 + -2a853?
-2a852
In base 6, what is 10 + 24254?
24304
In base 4, what is -3133000 + 3121?
-3123213
In base 10, what is -17 + -41244?
-41261
In base 6, what is -21 + 4130?
4105
In base 4, what is -200 + 1310230?
1310030
In base 13, what is 84 + -354?
-2a0
In base 2, what is -110000101000010 - -1110?
-110000100110100
In base 15, what is b66d - -2?
b670
In base 16, what is 2 - 22a47?
-22a45
In base 14, what is 86405 - 3?
86402
In base 15, what is -5a - 66d?
-6c8
In base 9, what is -110 + -1846?
-2056
In base 7, what is 31 - -24536?
24600
In base 6, what is -140 - 501332?
-501512
In base 13, what is 2a - 9c?
-72
In base 12, what is -3 - 992b1?
-992b4
In base 6, what is 14 + -1121?
-1103
In base 3, what is -102102 - -21000211?
20121102
In base 8, what is 2 - 235014?
-235012
In base 6, what is -344 - 314?
-1102
In base 15, what is 517 - -106a?
1582
In base 3, what is 1 - -1110111122?
1110111200
In base 12, what is 5 + 6923?
6928
In base 5, what is -333201214 + 3?
-333201211
In base 6, what is -243 + -13413?
-14100
In base 14, what is -82cd - 2?
-82d1
In base 9, what is 1 - -3007428?
3007430
In base 13, what is -5 + 7a898?
7a893
In base 8, what is 2 + 25052?
25054
In base 2, what is -10001000 - 1110011111?
-10000100111
In base 12, what is -5 - -61b?
616
In base 14, what is -d + 326d3?
326c4
In base 12, what is 25b8 + 5?
2601
In base 8, what is -103430 - -34?
-103374
In base 10, what is 7 - -2887?
2894
In base 11, what is -25 + -12326?
-12350
In base 2, what is 10101100000 - 1001?
10101010111
In base 12, what is 4 - 13b0b?
-13b07
In base 8, what is 1 - 3251357?
-3251356
In base 16, what is 0 - -1c8c?
1c8c
In base 8, what is 0 - -1243551?
1243551
In base 10, what is 6 + -4814?
-4808
In base 8, what is 236350 + 0?
236350
In base 5, what is -332 + 140120?
134233
In base 8, what is 5727 - -16?
5745
In base 15, what is -8 - -3650?
3647
In base 9, what is -7 - 1824?
-1832
In base 9, what is -5 - -20608?
20603
In base 10, what is 32605 + -1?
32604
In base 16, what is bf992 + -9?
bf989
In base 6, what is 14 - 343453?
-343435
In base 8, what is -52 + -35004?
-35056
In base 12, what is -111a - -6?
-1114
In base 16, what is 4 + -53e?
-53a
In base 9, what is 303375 + 1?
303376
In base 10, what is -1597 - -15?
-1582
In base 11, what is 2 + 105a0?
105a2
In base 5, what is -1040 + -12413?
-14003
In base 7, what is -134231 - -1?
-134230
In base 2, what is -1101011001001 - -11?
-1101011000110
In base 7, what is -4 - -4420?
4413
In base 8, what is -4 - 132054?
-132060
In base 9, what is 37 - -108335?
108373
In base 8, what is 10376 + 134?
10532
In base 9, what is -1000 + -80?
-1080
In base 16, what is 3 - 12126c?
-121269
In base 7, what is 0 + -1350?
-1350
In base 6, what is -1122 + 13?
-1105
In base 13, what is 53 + -847?
-7c4
In base 6, what is -305323 + 4?
-305315
In base 9, what is -12 + 30488?
30476
In base 13, what is -b - 451c0?
-451cb
In base 16, what is 79756 - -2?
79758
In base 10, what is -635 + 655?
20
In base 6, what is 434 + 14314?
15152
In base 14, what is 209 + -24c?
-43
In base 12, what is 3 + -1a024?
-1a021
In base 10, what is 245716 + -1?
245715
In base 5, what is -122 - -2001134?
2001012
In base 9, what is 28 + 66?
105
In base 8, what is 74747 - -1?
74750
In base 13, what is c64115 + 1?
c64116
In base 6, what is -5055552 + -5?
-5100001
In base 6, what is -1 + 505?
504
In base 7, what is -4003 - -626?
-3044
In base 12, what is -1 - 305aa3?
-305aa4
In base 2, what is -101 + -101100111011100?
-101100111100001
In base 6, what is 3243 + -1113?
2130
In base 7, what is 5 - 3011652?
-3011644
In base 11, what is -34 + 7963?
792a
In base 8, what is 247 + -2146?
-1677
In base 11, what is -47 + -9a3?
-a3a
In base 5, what is -3412131 + 1?
-3412130
In base 12, what is 6035 - -4?
6039
In base 12, what is -3 + b5371?
b536a
In base 14, what is 4 + 7170?
7174
In base 11, what is 63a8 - 5?
63a3
In base 10, what is -5 + 22626?
22621
In base 15, what is 1e - 1102?
-10d3
In base 3, what is -10 - -21002111?
2100210